f 2271910?
2, 5, 227191
What are the prime factors of 382346?
2, 191173
List the prime factors of 260923.
13, 20071
What are the prime factors of 1641002?
2, 11, 6781
List the prime factors of 1613247.
3, 537749
What are the prime factors of 2497248?
2, 3, 13, 23, 29
What are the prime factors of 422389?
11, 19, 43, 47
List the prime factors of 352290.
2, 3, 5, 11743
What are the prime factors of 123358?
2, 37, 1667
List the prime factors of 212274.
2, 3, 3931
List the prime factors of 10590893.
179, 59167
What are the prime factors of 4266271?
4266271
What are the prime factors of 36149474?
2, 18074737
What are the prime factors of 1048188?
2, 3, 113, 773
List the prime factors of 70950.
2, 3, 5, 11, 43
What are the prime factors of 171299?
171299
List the prime factors of 33138120.
2, 3, 5, 276151
List the prime factors of 2204638.
2, 29, 38011
What are the prime factors of 304266?
2, 3, 17, 19, 157
What are the prime factors of 11796180?
2, 3, 5, 11, 61, 293
List the prime factors of 30405277.
7, 139, 31249
List the prime factors of 83809.
11, 19, 401
What are the prime factors of 1378949?
11, 13, 9643
What are the prime factors of 7100893?
149, 47657
What are the prime factors of 341516?
2, 7, 12197
List the prime factors of 156221.
13, 61, 197
List the prime factors of 24033278.
2, 613, 19603
What are the prime factors of 6192956?
2, 7, 11, 20107
List the prime factors of 376535.
5, 75307
List the prime factors of 3101165.
5, 620233
What are the prime factors of 164683?
164683
What are the prime factors of 2375025?
3, 5, 31667
What are the prime factors of 94613?
94613
What are the prime factors of 1952342?
2, 7, 37, 3769
List the prime factors of 1617396.
2, 3, 11, 12253
List the prime factors of 2565123.
3, 11, 77731
What are the prime factors of 5696750?
2, 5, 22787
What are the prime factors of 6138740?
2, 5, 191, 1607
What are the prime factors of 184649?
184649
List the prime factors of 1476838.
2, 11, 67129
What are the prime factors of 21257689?
21257689
What are the prime factors of 5729014?
2, 97, 29531
What are the prime factors of 6675067?
7, 17, 56093
What are the prime factors of 41441?
29, 1429
List the prime factors of 1025274.
2, 3, 107, 1597
What are the prime factors of 108589?
13, 8353
What are the prime factors of 730054?
2, 13, 43, 653
List the prime factors of 784838.
2, 67, 5857
What are the prime factors of 146554?
2, 73277
What are the prime factors of 2757237?
3, 7, 131297
What are the prime factors of 190533?
3, 7, 43, 211
List the prime factors of 4579695.
3, 5, 101771
What are the prime factors of 10700916?
2, 3, 891743
List the prime factors of 142514.
2, 71257
List the prime factors of 1732455.
3, 5, 41, 313
What are the prime factors of 1033810?
2, 5, 67, 1543
What are the prime factors of 2483094?
2, 3, 413849
What are the prime factors of 24056043?
3, 11, 728971
What are the prime factors of 10048018?
2, 5024009
List the prime factors of 51769.
51769
List the prime factors of 7372432.
2, 460777
What are the prime factors of 218188?
2, 54547
List the prime factors of 825847.
11, 193, 389
What are the prime factors of 265480?
2, 5, 6637
What are the prime factors of 4891733?
7, 11, 17, 37, 101
List the prime factors of 789659.
13, 19, 23, 139
What are the prime factors of 146275?
5, 5851
List the prime factors of 400017.
3, 47, 2837
List the prime factors of 153893.
23, 6691
What are the prime factors of 14518924?
2, 7, 518533
List the prime factors of 38123538.
2, 3, 19, 137, 2441
What are the prime factors of 3848565?
3, 5, 7, 36653
List the prime factors of 5153579.
19, 271241
What are the prime factors of 19201617?
3, 31, 2549
What are the prime factors of 4496268?
2, 3, 7, 53527
List the prime factors of 962176.
2, 7517
List the prime factors of 183108.
2, 3, 15259
List the prime factors of 257995.
5, 51599
What are the prime factors of 125406?
2, 3, 6967
What are the prime factors of 6073845?
3, 5, 17, 23819
List the prime factors of 2166978.
2, 3, 11, 32833
List the prime factors of 129519.
3, 13, 41
List the prime factors of 21972657.
3, 7, 367, 2851
What are the prime factors of 2812397?
7, 401771
List the prime factors of 2064538.
2, 7, 31, 67, 71
List the prime factors of 1393889.
7, 107, 1861
What are the prime factors of 417309?
3, 113, 1231
List the prime factors of 626125.
5, 5009
What are the prime factors of 114273?
3, 12697
What are the prime factors of 7057518?
2, 3, 13, 90481
List the prime factors of 23135842.
2, 11567921
List the prime factors of 850717.
7, 121531
What are the prime factors of 263801?
251, 1051
List the prime factors of 31080853.
31080853
What are the prime factors of 2048855?
5, 83, 4937
What are the prime factors of 3792001?
19, 109, 1831
What are the prime factors of 2307021?
3, 769007
What are the prime factors of 864575?
5, 34583
What are the prime factors of 17287371?
3, 173, 3701
What are the prime factors of 3074204?
2, 7, 109793
What are the prime factors of 151887?
3, 197, 257
List the prime factors of 279528.
2, 3, 19, 613
List the prime factors of 118560.
2, 3, 5, 13, 19
What are the prime factors of 270445?
5, 7, 7727
List the prime factors of 81416.
2, 10177
List the prime factors of 1187295.
3, 5, 79153
What are the prime factors of 1186494?
2, 3, 31, 6379
What are the prime factors of 2951977?
7, 421711
List the prime factors of 479916.
2, 3, 13331
What are the prime factors of 6157592?
2, 7, 31, 3547
List the prime factors of 1935880.
2, 5, 48397
What are the prime factors of 515708?
2, 229, 563
What are the prime factors of 1619210?
2, 5, 161921
What are the prime factors of 1625073?
3, 29, 18679
List the prime factors of 22675122.
2, 3, 229, 5501
List the prime factors of 302506.
2, 151253
List the prime factors of 70615.
5, 29, 487
List the prime factors of 392013.
3, 14519
What are the prime factors of 10596512?
2, 331141
List the prime factors of 2426589.
3, 11, 127, 193
What are the prime factors of 5691253?
5691253
What are the prime factors of 297221?
29, 37, 277
What are the prime factors of 479997?
3, 7, 19, 401
What are the prime factors of 6920667?
3, 13, 19717
List the prime factors of 108106.
2, 191, 283
List the prime factors of 215995.
5, 13, 3323
List the prime factors of 709359.
3, 7, 17, 1987
List the prime factors of 3668055.
3, 5, 97, 2521
What are the prime factors of 130887?
3, 14543
List the prime factors of 486043.
486043
List the prime factors of 24995.
5, 4999
List the prime factors of 1637025.
3, 5, 13, 23, 73
What are the prime factors of 548478?
2, 3, 7, 1451
What are the prime factors of 21223541?
647, 32803
What are the prime factors of 328456?
2, 41057
What are the prime factors of 270521?
17, 15913
List the prime factors of 421213.
13, 32401
List the prime factors of 1571283.
3, 7, 509
What are the prime factors of 20447149?
577, 35437
List the prime factors of 1399676.
2, 349919
List the prime factors of 902537.
53, 17029
List the prime factors of 1259375.
5, 13, 31
List the prime factors of 9818516.
2, 19, 23, 41, 137
What are the prime factors of 10679086?
2, 11, 421, 1153
List the prime factors of 7431850.
2, 5, 19, 7823
List the prime factors of 549266.
2, 67, 4099
List the prime factors of 75080.
2, 5, 1877
List the prime factors of 296554.
2, 29, 5113
What are the prime factors of 28542846?
2, 3, 1429, 3329
List the prime factors of 5186667.
3, 1728889
List the prime factors of 6277280.
2, 5, 39233
What are the prime factors of 13315510?
2, 5, 13, 7879
List the prime factors of 3565600.
2, 5, 4457
What are the prime factors of 12352082?
2, 6176041
List the prime factors of 168431.
43, 3917
List the prime factors of 739240.
2, 5, 18481
What are the prime factors of 8688189?
3, 2896063
What are the prime factors of 84102?
2, 3, 107, 131
What are the prime factors of 21895421?
21895421
What are the prime factors of 85628?
2, 21407
List the prime factors of 110767.
257, 431
What are the prime factors of 11595?
3, 5, 773
What are the prime factors of 31778097?
3, 13, 814823
List the prime factors of 921474.
2, 3, 51193
List the prime factors of 14673132.
2, 3, 407587
List the prime factors of 3585183.
3, 7, 29
List the prime factors of 5177.
31, 167
List the prime factors of 2044173.
3, 59, 11549
What are the p